 number?
True
Is 29167651 a prime number?
True
Is 3521482793 a prime number?
False
Is 8075720671 prime?
False
Is 2411968879 prime?
True
Is 9960571 a composite number?
True
Is 2618711279 a composite number?
False
Is 14104211635 a prime number?
False
Is 10498642201 composite?
True
Is 38640639577 a composite number?
True
Is 6826744909 a prime number?
True
Is 130046401 prime?
False
Is 13312493 a prime number?
True
Is 1203703099 a prime number?
False
Is 35044351 a prime number?
False
Is 115261663559 prime?
False
Is 7043171309 a composite number?
False
Is 110580896369 prime?
False
Is 960347671 composite?
False
Is 2333301233 a composite number?
False
Is 269645407 prime?
False
Is 105835397807 a composite number?
True
Is 5928021713 a prime number?
True
Is 1492624201 prime?
False
Is 530254453 a composite number?
True
Is 421787077 a prime number?
False
Is 4494207503 a prime number?
False
Is 584873203 a prime number?
True
Is 19636951973 prime?
True
Is 33108074941 a composite number?
True
Is 127714646687 composite?
True
Is 94373177 a prime number?
True
Is 2109498613 composite?
True
Is 517993885 a composite number?
True
Is 133192299241 prime?
True
Is 316949993 a composite number?
False
Is 3063890647 prime?
True
Is 785391641 a composite number?
False
Is 8778421 composite?
False
Is 134184683837 prime?
False
Is 506911073 a prime number?
True
Is 2256592781 prime?
True
Is 3935085043 composite?
True
Is 3607504619 composite?
True
Is 421728859 a composite number?
False
Is 4024592197 composite?
False
Is 3273976833 a prime number?
False
Is 24323917601 prime?
True
Is 4447243803 a composite number?
True
Is 2027013649 composite?
True
Is 8148325849 a composite number?
True
Is 105535906171 a composite number?
True
Is 14939066741 a prime number?
True
Is 13025210113 prime?
True
Is 19436713 a prime number?
True
Is 22415460043 prime?
True
Is 2040235667 a composite number?
False
Is 577562237 prime?
False
Is 682378133 composite?
False
Is 8133511979 composite?
True
Is 1396326551 composite?
True
Is 64349112131 a prime number?
True
Is 396857561 prime?
True
Is 2043476791 prime?
False
Is 3122666351 a prime number?
False
Is 287536003 a composite number?
False
Is 2252715287 prime?
False
Is 2539601443 composite?
True
Is 1212823763 composite?
False
Is 24245147739 a prime number?
False
Is 808020029 a prime number?
True
Is 9095417 composite?
False
Is 2165155999 prime?
True
Is 2390011891 a prime number?
False
Is 17052648001 a composite number?
True
Is 3094507189 composite?
False
Is 130608773 prime?
False
Is 10344857089 prime?
False
Is 72733347501 a composite number?
True
Is 6639116437 a composite number?
True
Is 40768267 a composite number?
False
Is 106939933 a prime number?
True
Is 85026978529 a prime number?
False
Is 1716993907 prime?
False
Is 3245649931 a composite number?
True
Is 3581865853 a prime number?
False
Is 10660719233 a prime number?
False
Is 2038700561 a composite number?
True
Is 4827550271 composite?
False
Is 9216588193 a composite number?
True
Is 225431321 a prime number?
True
Is 322897021 composite?
False
Is 2295989039 a prime number?
True
Is 137893499 a prime number?
False
Is 2012426777 a composite number?
True
Is 775871977 a prime number?
False
Is 2208958429 a prime number?
True
Is 4343533465 a prime number?
False
Is 190426289 a prime number?
False
Is 20602392841 a prime number?
False
Is 11770542253 prime?
True
Is 27791057705 composite?
True
Is 21144141509 composite?
False
Is 4762304903 composite?
False
Is 50877487319 a composite number?
False
Is 7101531601 a composite number?
True
Is 2072746561 a composite number?
False
Is 1462793543 prime?
False
Is 25985439553 composite?
False
Is 276125357 a prime number?
False
Is 3051460537 a prime number?
True
Is 446075411 composite?
True
Is 1230845017 a prime number?
True
Is 1946971241 prime?
True
Is 586181957 a composite number?
False
Is 6367158227 a composite number?
False
Is 166962726849 a composite number?
True
Is 426180071 prime?
True
Is 18788980781 composite?
True
Is 744512039 composite?
True
Is 11729285861 composite?
False
Is 12983173873 a composite number?
False
Is 6532036349 prime?
False
Is 119759365397 a composite number?
True
Is 7069181831 a composite number?
False
Is 17703736619 prime?
True
Is 1167551493 a prime number?
False
Is 4236658682 composite?
True
Is 9130044589 composite?
False
Is 1595334347 composite?
False
Is 1195061939 a prime number?
False
Is 367340977 a prime number?
False
Is 19705371031 composite?
True
Is 9170205521 composite?
True
Is 261387797 a prime number?
False
Is 3135285787 composite?
True
Is 10685861209 a composite number?
False
Is 128878895729 composite?
False
Is 21266292221 prime?
False
Is 7377125603 a composite number?
False
Is 650933993 a composite number?
True
Is 56716846337 composite?
False
Is 7460597809 a prime number?
False
Is 402838081 a composite number?
True
Is 953265185 a composite number?
True
Is 4450009793 composite?
True
Is 91661849 a composite number?
False
Is 677772941 prime?
True
Is 88322807 composite?
True
Is 274954800773 a composite number?
True
Is 1687853717 prime?
False
Is 30262129819 composite?
False
Is 5211614359 composite?
True
Is 426489431 a prime number?
False
Is 10407876343 prime?
False
Is 584256889 a composite number?
False
Is 14847615389 a prime number?
True
Is 1823699117 a prime number?
True
Is 408414317 composite?
True
Is 211656505 prime?
False
Is 4701977851 a composite number?
True
Is 22474618109 prime?
True
Is 858196081 composite?
False
Is 32137296337 a composite number?
False
Is 317885803 a composite number?
False
Is 782538919 a prime number?
False
Is 1883010169 a composite number?
False
Is 1802380301 prime?
False
Is 1115764557 prime?
False
Is 4303669847 composite?
False
Is 819498083 prime?
True
Is 1351224149 a composite number?
True
Is 248643541 composite?
False
Is 8099105689 prime?
False
Is 1228056215 a prime number?
False
Is 1024425353291 prime?
True
Is 454228447 a prime number?
False
Is 14557421777 a prime number?
True
Is 203184788683 composite?
False
Is 118864919 a prime number?
True
Is 301990609 composite?
True
Is 34666449955 a composite number?
True
Is 91266887 a composite number?
True
Is 2973199 composite?
False
Is 11128860179 a prime number?
True
Is 1644396185 prime?
False
Is 175802919 prime?
False
Is 142076089 a composite number?
True
Is 91204851679 a prime number?
False
Is 19438574731 a prime number?
False
Is 2929282129 a composite number?
True
Is 112297067 a prime number?
True
Is 107790876241 prime?
True
Is 87155929 prime?
False
Is 197040911 prime?
True
Is 7400009263 a prime number?
False
Is 23059565547 composite?
True
Is 9264549589 composite?
False
Is 1265159921 composite?
False
Is 847599119 a prime number?
True
Is 36346816321 prime?
True
Is 2026163011 a composite number?
False
Is 5048755147 a composite number?
True
Is 48078629 composite?
False
Is 762016337 a prime number?
False
Is 1475381231 a prime number?
False
Is 6653453551 composite?
False
Is 14672649529 composite?
True
Is 8591409941 prime?
False
Is 969134189 a prime number?
False
Is 3729001259 a prime number?
True
Is 8103241693 composite?
False
Is 638635279 composite?
False
Is 13352673107 a composite number?
True
Is 855349402 prime?
False
Is 355097471 composite?
False
Is 8503990789 prime?
False
Is 16694663207 prime?
False
Is 42786504617 a prime number?
True
Is 111565591 a prime number?
True
Is 25308772003 a composite number?
False
Is 264211529 a composite number?
False
Is 45960701 composite?
False
Is 27268170843 prime?
False
Is 472098773 a composite number?
False
Is 2939228639 prime?
False
Is 31583930667 a prime number?
False
Is 461036897 prime?
True
Is 27857128361 a composite number?
False
Is 214661152099 composite?
False
Is 2753492653 composite?
True
Is 73068182299 a prime number?
False
Is 8828808553 prime?
True
Is 358017971 a prime number?
True
Is 1693924837 composite?
True
Is 492816239 prime?
False
Is 1052793211 a composite number?
True
Is 1530540341 composite?
True
Is 3084515237 prime?
True
Is 401289491 a composite number?
False
Is 6178946669 a composite number?
True
Is 1480940203 prime?
False
Is 3322427267 a composite number?
True
Is 78621551 prime?
True
Is 8176640411 a composite number?
True
Is 29153115309 composite?
True
Is 1389849089 a prime number?
True
Is 528344779 prime?
True
Is 9